t m(l) = -110*l. Let y be m(-4). What is the highest common divisor of 40 and y?
40
Suppose -271 = 5*f - 1151. Let k be (3 - 1)*(-6)/(-4). Let d be 5/(-15) + 49/k. Calculate the highest common factor of f and d.
16
Let s = 3 + 30. Let b = 5 + 4. Suppose 0*t - 3*t + b = 0. Calculate the greatest common divisor of s and t.
3
Let m = -29 - -32. What is the greatest common factor of 12 and m?
3
Let z(p) = p**3 - 3*p**2 + 7*p - 3. Suppose -s + 4 + 3 = 0. Let l be z(s). Calculate the greatest common factor of l and 22.
22
Let t be 1/((-7)/6)*-28. Let y be (30/t)/(2/8). Suppose -y*j - g = -49, g = j - 2*g - 13. What is the highest common factor of j and 10?
10
Let s = 16 + -7. What is the greatest common divisor of 9 and s?
9
Suppose -4*q + 3*b = -19, -2*q + 0*b - 2*b = 8. Let p be (q - (-2 - -33))*-1. Calculate the highest common factor of p and 10.
10
Suppose -3*y - 2*s + 92 = 2*s, -157 = -5*y - 3*s. Let c = y + 1. Suppose 5*r + 3*w = 43, -2*w - 4 - 48 = -4*r. Calculate the highest common factor of c and r.
11
Suppose -d + 22 = 5*v, -3*d + 2*v - 39 + 173 = 0. Calculate the greatest common divisor of 126 and d.
42
Let k be 0 + 0 - 12/(-6). What is the highest common factor of 10 and k?
2
Let d = -4 - -6. Suppose 0 = 2*x - 4*x - 2, 5*x = d*m - 41. What is the greatest common factor of m and 6?
6
Let l = 3 - -9. Let o be -3*(-3 + 2)*1. Suppose 6*y - o*y = 144. Calculate the highest common factor of l and y.
12
Let l be 2/1 + 4 + -7. Let z = 2 + l. Let o be z/(-1) - -46*1. What is the greatest common factor of o and 9?
9
Suppose -5*d = -2*d + u - 23, 27 = 3*d - 3*u. What is the greatest common divisor of 2 and d?
2
Let x be 141/(9/2 - 3). Suppose 3*s = x - 7. Calculate the greatest common factor of 87 and s.
29
Suppose 2*f + 15 = f. Let m be 2/6 - 1045/f. What is the greatest common factor of 14 and m?
14
Let b be 1 - (7 - 4) - -36. Calculate the greatest common divisor of 51 and b.
17
Let s = 27 + -19. Suppose -3*n = -n - 2. What is the greatest common factor of n and s?
1
Suppose 4*m + 28 = 112. Calculate the highest common factor of m and 14.
7
Suppose -5 = -4*c + 3. Let y be (-3 - -2)/((-2)/88). Suppose 2*u - y = -0*u. What is the highest common divisor of c and u?
2
Let q(n) be the third derivative of n**4/24 + n**3/3 + 2*n**2. Let u be q(-2). Suppose u*c + 4*c = 52. What is the highest common factor of 104 and c?
13
Let k(j) = 13*j - 6. Let c be k(6). What is the highest common divisor of c and 8?
8
Let f be 10/(-25) + (-114)/(-10). Let w = -1 + 2. Let p be w + 119 - (2 - 3). Calculate the greatest common factor of f and p.
11
Let d(n) = n**2 + 24*n + 2. Let i be d(-25). Calculate the highest common factor of 135 and i.
27
Let n be (-41)/(-2) - 3/6. Suppose -c + n = c. Calculate the highest common factor of c and 70.
10
Let i = -1 - -6. Suppose -i*z + 76 = -z. What is the highest common divisor of z and 19?
19
Suppose -5*c - 4*v = -84, 2*v = -v + 3. What is the highest common divisor of c and 64?
16
Let l(f) = f + 9. Let o be l(-3). Let g(j) = 2*j**2. Let h be g(-1). Suppose -17 = -h*n - 5. What is the highest common factor of n and o?
6
Suppose -189 + 49 = -i. Calculate the greatest common divisor of 35 and i.
35
Let f(w) = -w**2 - 10*w - 2. Let n be f(-6). Let l be 1*4/(-3)*3. Let g = l - -6. Calculate the highest common divisor of n and g.
2
Let n be (-801)/(-12) - (-4)/16. Suppose -u = 3*f - 43, 5*u - f - 68 = n. Calculate the highest common divisor of u and 14.
14
Suppose 0 = 4*t - 20, 0 = s - 4*s - 2*t + 22. Suppose -s*x - 114 = -6*x. Calculate the highest common factor of x and 38.
19
Suppose -s = 2*h - 34, 4*h - 47 = -2*s + 7*h. Calculate the greatest common factor of 42 and s.
14
Let n(a) = 5*a**2 - a - 10. Let o be n(3). What is the highest common divisor of o and 80?
16
Let g(a) = 37*a**2 - 2*a + 3. Let j be g(2). Suppose -4*n + 651 = j. Let m be (-11)/22 + 37/2. Calculate the highest common factor of m and n.
18
Let g(r) be the second derivative of r + 0 + 1/3*r**3 + 1/2*r**2 - 33/20*r**5 + 0*r**4. Let k be g(-1). Calculate the greatest common factor of k and 8.
8
Suppose 4 = -6*u - 68. Let j be -2 - (u/4 - 22). Calculate the highest common divisor of 161 and j.
23
Suppose -89 = -5*x - 9. Let r = x - 2. What is the greatest common factor of 2 and r?
2
Suppose 3*a - 19 = 56. What is the highest common factor of a and 5?
5
Let j = -94 - -43. Let l be 1/2*2 - j. Calculate the highest common factor of 13 and l.
13
Let w(v) = v**2 + 16*v - 14. Let d be w(-21). What is the highest common divisor of d and 13?
13
Suppose 6*l - 250 = -88. What is the highest common divisor of l and 18?
9
Let v = 13 - 2. Suppose 0 = s - v - 8. What is the highest common factor of s and 171?
19
Suppose 0*i + 200 = 2*i + 5*d, 0 = 2*i + 2*d - 206. Suppose -y + i = 2*y. Suppose 0*k - 3*k = -42. What is the highest common divisor of y and k?
7
Suppose 35*j - 45 = 20*j. Suppose 0 = 3*r - 3. Calculate the highest common divisor of r and j.
1
Let g = -77 - -92. Calculate the greatest common divisor of g and 60.
15
Suppose -39*q = -43*q + 112. Let p(b) = -b**2 + 7*b - 2. Let f be p(6). What is the highest common factor of f and q?
4
Let g = -7 + -10. Let d = 106 + -71. Let r = d + g. What is the greatest common factor of 9 and r?
9
Suppose -5*y = 39 + 221. Let t = -16 - y. What is the highest common divisor of t and 9?
9
Let y be (-1)/(-3) + 14/21. Let c = 9 - 4. Calculate the greatest common divisor of y and c.
1
Suppose 0 = 4*d + 5*x - 9, 0*d - 2*d + 1 = -x. Suppose o - d = -0*o. Calculate the highest common divisor of o and 2.
1
Let d = 12 - -4. Suppose 4*v - d = -2*o - o, o - 4 = 0. Let y be (-2)/(v + 15/(-12)). Calculate the greatest common factor of 20 and y.
4
Suppose -v + 1 = -3. Suppose -5*w + 5*i = -595, 4*i = 6*i + v. Let f(q) = 22*q - 9. Let d be f(1). Calculate the highest common divisor of w and d.
13
Let i be (-769)/(-6) - (10/(-12) - -1). What is the greatest common divisor of i and 32?
32
Let y = 0 + 12. Suppose 0*d + 3*v = 5*d - 294, -2*d = -3*v - 114. Calculate the greatest common factor of y and d.
12
Let n(k) = -k**3 + 5*k**2 + 3*k - 4. Let a be n(6). Let f = 34 + a. Calculate the greatest common divisor of f and 60.
12
Suppose -3*p + 31 = -2*k + 74, 2*p + 32 = -2*k. Let g = 41 - p. Suppose -5*a + 18 = 2*s, 4*a - 24 = -5*s + 38. Calculate the highest common factor of s and g.
14
Let l(y) = -y**3 + 6*y**2 - 7. Let o be l(5). Suppose -3*m + 110 - 2 = 0. Calculate the highest common factor of o and m.
18
Suppose 19*x + 40 = 23*x. Suppose -f - 1 + 3 = 0. Calculate the highest common factor of f and x.
2
Let a(y) = y + 8. Let c be a(-7). Let o = c - 0. Let k(t) = -t**3 + t**2 + t - 2. Let d be k(-2). What is the highest common divisor of d and o?
1
Let z(p) = -5*p - 2. Let r be z(-2). Let b = r + -5. Suppose 2*n + 5*a = 2*a + 8, -b*n + 7 = 2*a. What is the highest common divisor of n and 8?
1
Let q(m) = 3*m**2 - m - 1. Let v be q(2). What is the highest common divisor of v and 81?
9
Let s(i) = 4*i + 2. Let n be s(-6). Let v be (-1 - -2*4)*-1. Let b = v - n. Calculate the highest common factor of b and 15.
15
Let q(h) = h**2 - 2. Let k be q(2). What is the greatest common divisor of 1 and k?
1
Let r = 25 - 12. Let g = r + -4. Suppose -14 = -3*k + 4. Calculate the greatest common divisor of k and g.
3
Let b be 2*2*(-3)/(-6). Suppose -b*y - 4 = -6*y. Suppose 5*s - 45 = -3*v, s - 7*v - 9 = -3*v. What is the greatest common divisor of y and s?
1
Let n(i) = 7*i - 8. Let c be n(6). What is the greatest common factor of 272 and c?
34
Suppose b = -5*o - 132, -2*o + b + 0*b = 50. Let s be ((-15)/(-10))/((-1)/o). Suppose 0 = -2*c + 37 - 11. What is the greatest common divisor of c and s?
13
Let j = -273 + 436. Suppose -161 = -2*l + j. Calculate the highest common factor of l and 18.
18
Suppose -2*v + 8 = 0, -3*v - 4 = -t - 3*t. Suppose 0 = 5*w + t - 59. What is the highest common divisor of 1 and w?
1
Suppose 4*b = 2*b. Suppose b = 3*t - 4*f - 42, -3 = -5*f - 18. What is the greatest common divisor of t and 25?
5
Let s = 12 - 7. Suppose 0 = s*o - 3*o - 48. Let k(l) = 7*l**2 - 2*l + 3. Let h be k(3). Calculate the highest common divisor of o and h.
12
Let m be (-9)/((-9)/(-46)) - 2. Let r = m - -88. What is the greatest common factor of 5 and r?
5
Suppose -84 =